 the tens digit of u?
2
Let c(v) = -v**2 - 8*v - 7. Let y be -7 + (0 - (-1 - -1)). Let m be c(y). Suppose 5*k - k - 44 = m. What is the tens digit of k?
1
Let q(h) = -h + 2. Let n be q(11). Let f = n + 20. What is the tens digit of f?
1
Suppose -89 = -2*g + 153. What is the units digit of g?
1
Suppose -2*p + 2*y = -30, -5*p - 5*y + 69 = -p. What is the tens digit of p?
1
Suppose 5*j - j - 228 = 0. Let i = j - 40. What is the tens digit of i?
1
Let u = -39 - -57. What is the units digit of 2/(-12) + 39/u?
2
Suppose 0 = 3*d - 0*d + 5*a - 64, 12 = d - 3*a. Let h = d - 3. What is the units digit of 2/5 + 84/h?
6
Suppose -c - 4 = -6*c - 3*o, 0 = -2*o - 4. Suppose 0 = 2*p + c*p - 16. What is the units digit of p?
4
Suppose 2*s = -2*u + 16, -2*s = -0*s - 4. Let d = u + -1. Let y = d + 0. What is the units digit of y?
5
Suppose -5*b - 9 = -3*w - 2*b, -w + 18 = 2*b. Let r = w + 17. What is the tens digit of r?
2
Let w be 110/(-15) + 4/(-6). What is the units digit of 6/(-3) + 0 - w?
6
What is the units digit of 66/9*(-84)/(-8)?
7
Let a = 10 - 10. Let c(u) = -u**3 - u**2 + 32. Let z be c(a). Suppose -o = -5*h + 34 + z, h + o - 18 = 0. What is the tens digit of h?
1
Let n(w) = w + 5. What is the tens digit of n(5)?
1
Let k(t) = -12*t**3 - t**2 - 2*t - 1. Let m be (0 - -12)/(-3) - -3. Let r be k(m). Let n = 18 - r. What is the units digit of n?
6
Suppose z - 6*z = -15. Suppose -z*i = i - 24. What is the units digit of i?
6
Let q be (1 + 0)*(1 + 1). Suppose q = f - 0. What is the units digit of f*1 - 28/(-4)?
9
Suppose 4*b - c = 469 - 185, 0 = -5*c. What is the units digit of b?
1
What is the tens digit of -3 - (-1 - -1 - 53)?
5
Let d = 13 - 9. Let a = -4 + d. Suppose 4*r - n - 33 = -a*r, -5 = -r - 3*n. What is the units digit of r?
8
Suppose 11 = -3*x + 5*t, 0*x - 3 = 2*x + t. Let d be 2 + x + 3 + 0. Suppose -d*b + 0*b = -18. What is the units digit of b?
6
Let t(j) = -j**2 + 6*j. Let o be t(5). Suppose -o*d = -d - 12. Suppose 3 = -a, -d*h + 4*a + 8 = -10. What is the units digit of h?
2
Let z(i) = -i**3 + 11*i**2 - 21*i - 6. What is the tens digit of z(5)?
3
Suppose -p + 3*p - 62 = 0. What is the tens digit of p?
3
Let v be (-1 - -1 - -2) + 29. Suppose 5*t - v - 24 = 0. What is the units digit of t?
1
Suppose -3*x + 43 = -2*n - 33, 0 = 2*x + n - 46. What is the tens digit of x?
2
What is the units digit of 3 + 3 + 1*2?
8
Let c(g) = -g**3 + 3*g + 2. Let w be c(-2). Suppose -30 = -w*r + s - 3*s, -5*s = 15. Let d = r + -4. What is the units digit of d?
5
Let n be -5*(4 + -1)/(-3). Let y(x) = -6*x - 6. Let h(s) = 5*s + 5. Let v(u) = n*h(u) + 4*y(u). What is the units digit of v(2)?
3
Let h(x) = -8*x - 3. Let g be h(-1). Suppose g*u + 41 = 206. What is the units digit of u?
3
Let v(f) = 2*f + 5. Let z be v(6). Let o = 27 - z. Let n = -6 + o. What is the units digit of n?
4
Let b be 1 - -2 - (-3)/3. Suppose 3 = b*u - 17. What is the units digit of u?
5
Suppose 3*j - 25 = -0*j + 5*r, 4*j - 4*r - 28 = 0. Suppose 3*f = -w + 24, -j*f + 67 = -3*w + 13. Let y = -3 + f. What is the units digit of y?
6
Suppose 4*w = -0*w + 136. What is the tens digit of w?
3
Let v be 198/4*(-2)/(-3). Let h = v + -20. What is the tens digit of h?
1
What is the tens digit of (8/(-10))/(4/(-130))?
2
Let z = 1 - 0. Let l(g) be the first derivative of g**4/4 + g**3/3 - g**2/2 + 6. What is the units digit of l(z)?
1
What is the tens digit of 5/(-20)*-6*50?
7
Let r(q) = -q - 2. Let b be r(-6). What is the units digit of ((-2)/b - 0)*-12?
6
Let b(n) be the first derivative of n**4/4 + 2*n**3 + n**2/2 - 2*n - 5. What is the units digit of b(-5)?
8
Suppose 2*l = 4*k + 20 - 126, 0 = 3*k + 3*l - 93. What is the units digit of k?
8
Let n be (-3)/(-9) - (-100)/6. Suppose -4*k - 60 = -4*f, 3*f - 4*f + 2*k + n = 0. What is the units digit of f?
3
Let i = -4 + 13. What is the units digit of i?
9
Suppose -3*a = h + 2*a + 9, 0 = -2*a - 4. Suppose -2*z - h + 13 = 0. Suppose 0 = -6*f + 3*f + z. What is the units digit of f?
2
Let p = 3 - 0. Let y = -10 - -18. What is the units digit of ((-2)/p)/(y/(-60))?
5
Suppose x = 6*x. Suppose -4*s = -2*f, 22 = -x*s + s + 5*f. What is the units digit of s?
2
Suppose -13 = -5*b + 2*z, b - 5*z = -2 - 0. What is the units digit of b?
3
Suppose -4*q = 2*a - 54, -4*a + 4*q = -31 - 101. Let v = 43 - a. What is the units digit of v?
2
What is the units digit of (2 - -1) + 3*20?
3
Let f = -65 - -142. What is the tens digit of f?
7
Let d = 5 + 15. Suppose -d = 2*t - 7*t. Suppose 4*o = -5*z - 10, 0 = t*z + 2*o - o - 3. What is the units digit of z?
2
Let a(k) = -14*k + 28. What is the units digit of a(-9)?
4
What is the units digit of 0 - -2*2/4?
1
Let h be 1*2/(-3)*-3. Let g be (h/(-7))/(1/(-7)). Suppose -2*t = 4*z - 10, -2*t - g*t = -4*z - 20. What is the units digit of t?
5
Let q(k) = k**2 - 10*k + 12. Suppose 4*i = -r - 19, 3*r - 3*i - 19 = -r. Let l be r + (8 - 0/2). What is the units digit of q(l)?
3
Let d(s) be the first derivative of -s**4/4 - 8*s**3/3 - 3*s**2/2 - 12*s + 2. Let w be d(-8). What is the units digit of (-18)/w*14/(-3)?
7
Suppose -l + 109 = 5*c, -3*l + 414 = l - 2*c. What is the hundreds digit of l?
1
Suppose -5*a + 3*a = -14. Let v(g) = -2*g - 2 + 3*g + 0*g. What is the units digit of v(a)?
5
Let a = 0 + 0. Suppose -3*o + 76 = o. Suppose -4*m + o = 3*i + 2*i, a = 2*i + m - 10. What is the units digit of i?
7
Suppose 3*i + 5 = b, -2*b - 4*i - 45 = i. What is the units digit of (0 - -2) + (b - -9)?
1
Let k be (100/(-8))/5*2. Let d(i) = 3*i**2 + 9*i + 7. What is the tens digit of d(k)?
3
Let v(x) = -x + 17. Let g be v(14). Suppose -u - 4*b + 9 = 0, -g*u - 2 = 5*b - 22. What is the units digit of u?
5
Suppose -15 = d + 13. Let t = d + 48. What is the tens digit of t?
2
Let a = 7 + -2. Let p(n) = n**3 - 4*n**2 - 5. What is the units digit of p(a)?
0
Suppose -b - 5 - 5 = 0. What is the units digit of (-88)/b - (-2)/10?
9
Let g(c) = 4*c**2 + 4*c + 3. Let w be g(-4). Let r = w - 25. What is the units digit of r?
6
Suppose -2*b + 6*b - 128 = -4*x, 66 = 2*b + 4*x. What is the tens digit of b?
3
Let c(q) = 37*q**2 - 2*q - 6. What is the tens digit of c(2)?
3
Let j(x) be the second derivative of x**5/20 + x**4/4 - x**3/6 - x**2 + 3*x. Let d be j(-3). What is the units digit of 30*d*1/2?
5
Let t = -45 + 66. Let o = -10 - -25. Let j = t - o. What is the units digit of j?
6
Let n(o) = -12*o - 1 + 6*o + 3*o. What is the units digit of n(-1)?
2
Let i(x) = x**2 + 3*x - 4. Let w be i(3). Let c = 10 + -3. Let n = w - c. What is the units digit of n?
7
Suppose -377 - 43 = -5*z. What is the tens digit of z?
8
Let a be (-8)/(-20) - 72/5. Let r be (7 - a)*(-1 + 2). Suppose -o = 2*o - r. What is the units digit of o?
7
Let l(g) = -g**2 + 6*g - 6. Let f be l(5). What is the units digit of 30/4 - f/(-2)?
7
Let q(j) = 2*j - 4 - 1 + 3. Let d be q(6). Suppose d + 0 = n. What is the tens digit of n?
1
What is the hundreds digit of (498/8)/(1 - 15/24)?
1
Let g = -71 + 110. What is the tens digit of g?
3
Let y = 137 - 77. Suppose 0 = -4*a - 4*h + 12 + 12, -3*a + 26 = 5*h. Suppose -3*g = -a*p - 21, -5*g + 0*p - 5*p = -y. What is the units digit of g?
9
Let z(b) = -5*b - 1. Let g be z(-5). Suppose -5*j + g + 56 = 0. Let a = j + -6. What is the units digit of a?
0
Let m be (-3 + 3/(-1))/1. Let p = m + 12. Let y = 11 - p. What is the units digit of y?
5
Suppose 5*h - 153 = 4*d, -35 = 3*d + 3*h + 73. Let v = d + 90. Suppose -4*a = -7 - v. What is the tens digit of a?
1
Let i = 58 - 27. What is the units digit of i?
1
Suppose o + 3*o = 16. What is the tens digit of ((-56)/35)/(o/(-50))?
2
Let t be (-2 + 1)/(2/(-62)). Suppose -5*l + 5*s = -150, -3*s + t = 2*l - 4. What is the tens digit of l?
2
Let i = 5 - 13. Let b(y) be the second derivative of y**5/20 + 3*y**4/4 + 4*y**3/3 + 3*y**2/2 - 2*y. What is the units digit of b(i)?
3
Suppose 0 = 3*v - 1 + 7. What is the units digit of v/10 + 64/20?
3
Let v(f) = 3*f**3 + 2*f**2 - 2*f - 1. Let j be v(3). Let l = -113 + 116. Suppose -5*y + n + j = -l, -5*y = -2*n - 100. What is the units digit of y?
8
Suppose -44 = -5*c + 1. Suppose -3*q + 0 = c. Let s = 3 - q. What is the units digit of s?
6
Suppose -3*k = -122 - 376. What is the tens digit of k?
6
Let b(v) = -v. Let p(y) = 3 + y - 4 - 4*y + y. Let q(i) = 4*b(i) - 3*p(i). What is the tens digit o